{"id":177,"date":"2025-05-08T23:48:22","date_gmt":"2025-05-08T21:48:22","guid":{"rendered":"https:\/\/warsztatywlodzkiem.pl\/?page_id=177"},"modified":"2025-06-06T09:31:37","modified_gmt":"2025-06-06T07:31:37","slug":"warsztat-z-robotyki-2","status":"publish","type":"page","link":"https:\/\/warsztatywlodzkiem.pl\/index.php\/warsztat-z-robotyki-2\/","title":{"rendered":"Warsztat z robotyki"},"content":{"rendered":"\n<figure class=\"wp-block-image size-large\"><img fetchpriority=\"high\" decoding=\"async\" width=\"1024\" height=\"71\" src=\"http:\/\/warsztatywlodzkiem.pl\/wp-content\/uploads\/2025\/05\/Obszar-roboczy-14-1024x71.png\" alt=\"\" class=\"wp-image-169\" srcset=\"https:\/\/warsztatywlodzkiem.pl\/wp-content\/uploads\/2025\/05\/Obszar-roboczy-14-1024x71.png 1024w, https:\/\/warsztatywlodzkiem.pl\/wp-content\/uploads\/2025\/05\/Obszar-roboczy-14-300x21.png 300w, https:\/\/warsztatywlodzkiem.pl\/wp-content\/uploads\/2025\/05\/Obszar-roboczy-14-768x54.png 768w, https:\/\/warsztatywlodzkiem.pl\/wp-content\/uploads\/2025\/05\/Obszar-roboczy-14.png 1276w\" sizes=\"(max-width: 1024px) 100vw, 1024px\" \/><\/figure>\n\n\n\n<h2 class=\"wp-block-heading alignwide has-text-align-left\">Warsztat z robotyki<\/h2>\n\n\n\n<div class=\"wp-block-group is-content-justification-left is-nowrap is-layout-flex wp-container-core-group-is-layout-fc9f69e7 wp-block-group-is-layout-flex\">\n<p>              Gdzie?<\/p>\n\n\n\n<h2 class=\"wp-block-heading\"><strong>MDK Ratusz, Zdu\u0144ska Wola<\/strong><\/h2>\n<\/div>\n\n\n\n<div class=\"wp-block-group is-content-justification-left is-nowrap is-layout-flex wp-container-core-group-is-layout-fc9f69e7 wp-block-group-is-layout-flex\">\n<p>Kiedy?<\/p>\n\n\n\n<h2 class=\"wp-block-heading\">10:30 24.07.2025<\/h2>\n<\/div>\n\n\n\n<div class=\"wp-block-group alignwide has-global-padding is-layout-constrained wp-block-group-is-layout-constrained\">\n<figure class=\"wp-block-image alignleft size-large is-resized\"><img decoding=\"async\" width=\"894\" height=\"1024\" src=\"http:\/\/warsztatywlodzkiem.pl\/wp-content\/uploads\/2025\/05\/robotyka-894x1024.jpg\" alt=\"\" class=\"wp-image-42\" style=\"width:435px;height:auto\" srcset=\"https:\/\/warsztatywlodzkiem.pl\/wp-content\/uploads\/2025\/05\/robotyka-894x1024.jpg 894w, https:\/\/warsztatywlodzkiem.pl\/wp-content\/uploads\/2025\/05\/robotyka-262x300.jpg 262w, https:\/\/warsztatywlodzkiem.pl\/wp-content\/uploads\/2025\/05\/robotyka-768x880.jpg 768w, https:\/\/warsztatywlodzkiem.pl\/wp-content\/uploads\/2025\/05\/robotyka-1341x1536.jpg 1341w, https:\/\/warsztatywlodzkiem.pl\/wp-content\/uploads\/2025\/05\/robotyka-1788x2048.jpg 1788w\" sizes=\"(max-width: 894px) 100vw, 894px\" \/><\/figure>\n\n\n\n<div class=\"wp-block-group alignfull is-nowrap is-layout-flex wp-container-core-group-is-layout-6c531013 wp-block-group-is-layout-flex\"><\/div>\n<\/div>\n\n\n\n<h2 class=\"wp-block-heading has-medium-font-size\">Prowadzi:<\/h2>\n\n\n\n<p class=\"has-text-align-center has-large-font-size\"><strong>Klaudia Wojciechowska i Jaros\u0142aw Wojciechowski<\/strong><\/p>\n\n\n\n<p class=\"has-text-align-right has-medium-font-size\" style=\"margin-right:0;margin-left:0\">    <strong>(Misja Robotyka)<\/strong><\/p>\n\n\n\n<p><\/p>\n\n\n\n<p class=\"has-text-align-left has-medium-font-size\" style=\"border-style:none;border-width:0px;border-radius:0px;margin-top:0;margin-right:0;margin-bottom:0;margin-left:0\">Misja Robotyka to firma edukacyjna, kt\u00f3ra specjalizuje si\u0119 w prowadzeniu warsztat\u00f3w z robotyki dla dzieci i m\u0142odzie\u017cy w szko\u0142ach i na zaj\u0119ciach pozalekcyjnych. Jej celem jest rozwijanie kreatywno\u015bci, logicznego my\u015blenia i zainteresowania technologi\u0105 poprzez nauk\u0119 budowy i programowania robot\u00f3w. Zaj\u0119cia prowadz\u0105 do\u015bwiadczeni instruktorzy, kt\u00f3rzy w przyst\u0119pny spos\u00f3b \u0142\u0105cz\u0105 nauk\u0119 z zabaw\u0105, inspiruj\u0105c dzieci do odkrywania in\u017cynierii i programowania. Misja Robotyka uczy poprzez praktyk\u0119 i eksperymenty, wykorzystuj\u0105c nowoczesne zestawy edukacyjne i programy dostosowane do wieku uczestnik\u00f3w. Firma wsp\u00f3\u0142pracuje z plac\u00f3wkami edukacyjnymi, instytucjami kultury i organizatorami wydarze\u0144, oferuj\u0105c zaj\u0119cia, kt\u00f3re rozwijaj\u0105 kompetencje przysz\u0142o\u015bci<br><br><strong>Zaj\u0119cia z robotyki \u2013 fascynuj\u0105ca przygoda w \u015bwiecie technologii! <\/strong><\/p>\n\n\n\n<p class=\"has-text-align-left has-medium-font-size\">Dzieci w wieku od 5 lat maj\u0105 okazj\u0119 budowa\u0107 i programowa\u0107 roboty, korzystaj\u0105c z nowoczesnych zestaw\u00f3w. &nbsp;<br>Czego nauczy si\u0119 Twoje dziecko?<\/p>\n\n\n\n<ul class=\"wp-block-list\">\n<li>Budowy i programowania robot\u00f3w. &nbsp;<\/li>\n\n\n\n<li>Podstaw elektroniki i mechaniki. &nbsp;<\/li>\n\n\n\n<li>Wsp\u00f3\u0142pracy w zespole. &nbsp;<\/li>\n\n\n\n<li>Kreatywnego my\u015blenia i rozwi\u0105zywania problem\u00f3w. &nbsp;<\/li>\n\n\n\n<li>Tworzenia algorytm\u00f3w i sekwencji dzia\u0142a\u0144. &nbsp;<br><\/li>\n<\/ul>\n\n\n\n<p>Zaj\u0119cia s\u0105 dostosowane do r\u00f3\u017cnych poziom\u00f3w zaawansowania, dzi\u0119ki czemu zar\u00f3wno pocz\u0105tkuj\u0105cy, jak i bardziej zaawansowani uczestnicy znajd\u0105 dla siebie odpowiednie wyzwania. Robotyka to doskona\u0142y spos\u00f3b, aby zaszczepi\u0107 w dzieciach pasj\u0119 do nauki i technologii.<\/p>\n\n\n\n<p>Rejestracja zamkni\u0119ta z powodu wyczerpania miejsc.<\/p>\n\n\n\n<p class=\"has-text-align-left has-medium-font-size\">Mail kontaktowy: promocja.rpo@lodzkie.pl<br>W przypadku rezygnacji z uczestnictwa prosimy o kontakt mailowy w celu zwolnienia miejsca.<\/p>\n\n\n\n<p class=\"has-text-align-left has-medium-font-size\">Miejsce zbi\u00f3rki: Pl. Wolno\u015bci 26, 98-220 Zdu\u0144ska Wola<\/p>\n\n\n\n<hr class=\"wp-block-separator has-alpha-channel-opacity\"\/>\n","protected":false},"excerpt":{"rendered":"<p>Warsztat z robotyki Gdzie? MDK Ratusz, Zdu\u0144ska Wola Kiedy? 10:30 24.07.2025 Prowadzi: Klaudia Wojciechowska i Jaros\u0142aw Wojciechowski (Misja Robotyka) Misja Robotyka to firma edukacyjna, kt\u00f3ra specjalizuje si\u0119 w prowadzeniu warsztat\u00f3w z robotyki dla dzieci i m\u0142odzie\u017cy w szko\u0142ach i na zaj\u0119ciach pozalekcyjnych. Jej celem jest rozwijanie kreatywno\u015bci, logicznego my\u015blenia i zainteresowania technologi\u0105 poprzez nauk\u0119 budowy i programowania robot\u00f3w. Zaj\u0119cia prowadz\u0105 do\u015bwiadczeni instruktorzy, kt\u00f3rzy w przyst\u0119pny spos\u00f3b \u0142\u0105cz\u0105 nauk\u0119 z zabaw\u0105, inspiruj\u0105c dzieci do odkrywania in\u017cynierii i programowania. Misja Robotyka uczy poprzez praktyk\u0119 i eksperymenty, wykorzystuj\u0105c nowoczesne zestawy edukacyjne i programy dostosowane do wieku uczestnik\u00f3w. Firma wsp\u00f3\u0142pracuje z plac\u00f3wkami edukacyjnymi, instytucjami kultury i organizatorami wydarze\u0144, oferuj\u0105c zaj\u0119cia, kt\u00f3re rozwijaj\u0105 kompetencje przysz\u0142o\u015bci Zaj\u0119cia z robotyki \u2013 fascynuj\u0105ca przygoda w \u015bwiecie technologii! Dzieci w wieku od 5 lat maj\u0105 okazj\u0119 budowa\u0107 i programowa\u0107 roboty, korzystaj\u0105c z nowoczesnych zestaw\u00f3w. &nbsp;Czego nauczy si\u0119 Twoje dziecko? Zaj\u0119cia s\u0105 dostosowane do r\u00f3\u017cnych poziom\u00f3w zaawansowania, dzi\u0119ki czemu zar\u00f3wno pocz\u0105tkuj\u0105cy, jak i bardziej zaawansowani uczestnicy znajd\u0105 dla siebie odpowiednie wyzwania. Robotyka to doskona\u0142y spos\u00f3b, aby zaszczepi\u0107 w dzieciach pasj\u0119 do nauki i technologii. Rejestracja zamkni\u0119ta z powodu wyczerpania miejsc. Mail kontaktowy: promocja.rpo@lodzkie.plW przypadku rezygnacji z uczestnictwa prosimy o kontakt mailowy w celu zwolnienia miejsca. Miejsce zbi\u00f3rki: Pl. Wolno\u015bci 26, 98-220 Zdu\u0144ska Wola<\/p>\n","protected":false},"author":1,"featured_media":0,"parent":0,"menu_order":0,"comment_status":"closed","ping_status":"closed","template":"no-title-sticky-header","meta":{"footnotes":""},"class_list":["post-177","page","type-page","status-publish","hentry"],"_links":{"self":[{"href":"https:\/\/warsztatywlodzkiem.pl\/index.php\/wp-json\/wp\/v2\/pages\/177","targetHints":{"allow":["GET"]}}],"collection":[{"href":"https:\/\/warsztatywlodzkiem.pl\/index.php\/wp-json\/wp\/v2\/pages"}],"about":[{"href":"https:\/\/warsztatywlodzkiem.pl\/index.php\/wp-json\/wp\/v2\/types\/page"}],"author":[{"embeddable":true,"href":"https:\/\/warsztatywlodzkiem.pl\/index.php\/wp-json\/wp\/v2\/users\/1"}],"replies":[{"embeddable":true,"href":"https:\/\/warsztatywlodzkiem.pl\/index.php\/wp-json\/wp\/v2\/comments?post=177"}],"version-history":[{"count":10,"href":"https:\/\/warsztatywlodzkiem.pl\/index.php\/wp-json\/wp\/v2\/pages\/177\/revisions"}],"predecessor-version":[{"id":397,"href":"https:\/\/warsztatywlodzkiem.pl\/index.php\/wp-json\/wp\/v2\/pages\/177\/revisions\/397"}],"wp:attachment":[{"href":"https:\/\/warsztatywlodzkiem.pl\/index.php\/wp-json\/wp\/v2\/media?parent=177"}],"curies":[{"name":"wp","href":"https:\/\/api.w.org\/{rel}","templated":true}]}}